y = 5*k + 18, 4*k - y + 14 = -3*y. Let f be -2*57/(-6) + k. What is the highest common divisor of f and 5?
5
Suppose -217 - 443 = -6*t. What is the highest common factor of t and 44?
22
Suppose -3*t - 334 = -q, -238 - 95 = -q + 2*t. Let f = 583 - q. Let r = f - 99. What is the highest common divisor of 17 and r?
17
Let l = 18 + -6. What is the highest common factor of 18 and l?
6
Let l(f) be the second derivative of f**5/20 - f**4/6 + 2*f**2 + 3*f. Let n be l(4). What is the highest common factor of 9 and n?
9
Let c(l) = l**2 + l - 18. Let x be c(4). Calculate the highest common factor of 3 and x.
1
Suppose -2*q = f - 1, -3*q = -0*f - 4*f + 4. Suppose 0 = 2*v - 17 - 3. Let p = v + q. What is the highest common factor of p and 10?
10
Let o = 10 - 13. Let y be 39/(-13)*2/o. Calculate the greatest common factor of 6 and y.
2
Let q be (-28)/70 - (-234)/10. Suppose n + q - 95 = 0. Calculate the highest common divisor of n and 9.
9
Suppose -4*j + 24 = -28. What is the highest common factor of j and 130?
13
Let r(f) = f**2 - 7*f + 8. Let v be r(6). Suppose 5*x - 4 = x. Calculate the greatest common factor of v and x.
1
Let d = 151 - 106. Let a = -24 + d. What is the highest common divisor of a and 14?
7
Let n = 37 + -6. Suppose r = -0*r - h + n, -5*r + 5*h + 175 = 0. What is the highest common factor of 11 and r?
11
Let q(i) = i**3 - 2*i**2 + 4*i - 2. Let v be q(3). Suppose 6*n - 2*n = 684. What is the greatest common divisor of v and n?
19
Suppose -2*j + 28 = 3*p, p = -4*j - 2*p + 62. Calculate the greatest common divisor of 136 and j.
17
Let p(l) be the first derivative of l**4/4 - l**2 + 2*l + 2. Let x be p(2). Let u be (-1)/(((-5)/6)/5). Calculate the greatest common factor of x and u.
6
Suppose 43 + 22 = 5*j. Suppose o = -0*o - j. Let k = o - -25. Calculate the greatest common factor of k and 12.
12
Let c(k) = 7 - k + 3*k + k - 6*k**2 + k**3. Let l be c(5). Let h be (27/l)/3*-1. Calculate the greatest common divisor of 3 and h.
3
Let b be (-576)/(-15) + (-3)/(-5). Calculate the greatest common divisor of 13 and b.
13
Suppose 3*f - 364 + 67 = 0. What is the highest common factor of f and 9?
9
Let a(q) = -44*q**3 + 3*q + 2. Let l be a(-1). Calculate the greatest common divisor of l and 473.
43
Let d = 67 + -22. What is the highest common factor of 15 and d?
15
Suppose 2*i - 1 - 7 = 0. Suppose 0*u + 3 = -u, i*f = -3*u - 737. Let o be f/(-6) + (-2)/6. Calculate the highest common divisor of 10 and o.
10
Suppose 2*z + 2*q = 0, 4*z + 0*z = -5*q. Suppose 4*k - 4*m = -8, -2*k + 5*m + z - 16 = 0. Suppose -6 - k = -2*o. What is the highest common factor of 20 and o?
4
Suppose 5*w - 70 - 95 = 0. Calculate the greatest common divisor of 11 and w.
11
Suppose 0 = -7*s + 6*s + 15. Let n be ((-6)/4)/((-9)/60). What is the highest common divisor of s and n?
5
Let y(u) = 29*u**3 - u**2 + 1. Let s be y(1). What is the greatest common factor of 261 and s?
29
Let y(d) = 12*d + 2. Let m be y(2). Let u be (2 - m/(-6))*3. What is the greatest common factor of u and 133?
19
Let l be (-1 - (-11)/5)*30. Let u be 4/(-10) + 1/((-20)/(-88)). What is the highest common divisor of l and u?
4
Suppose 2*g + g + 30 = u, 0 = 4*u - 4*g - 152. Suppose -3*d + 5*y + 2 = -6, -5*d = -4*y - 22. Calculate the greatest common factor of d and u.
6
Let g(d) = 2*d - 11. Let c(w) = -w**2 - 7*w - 1. Let q be c(-3). Let o be g(q). Calculate the highest common divisor of o and 55.
11
Suppose -3 = y - 5. Suppose 280 = y*r + 3*r. Let k = -6 - -14. What is the highest common factor of r and k?
8
Let t(l) = -3*l - 11. Let n be t(-5). What is the greatest common factor of n and 10?
2
Suppose -f = -m + 120, 0*f = -f - 3. Calculate the greatest common factor of 13 and m.
13
Suppose v + 141 = 6*v + 3*q, 48 = 2*v + 4*q. What is the greatest common factor of 12 and v?
6
Suppose -3*y = 2*b - 16 - 21, -3*y + b + 31 = 0. What is the greatest common factor of y and 77?
11
Suppose -4*b = 75 + 5. Let s = b - -36. Let c = 91 - 51. Calculate the greatest common factor of s and c.
8
Let y be 117*(0 - -1) + 0. Calculate the greatest common factor of y and 13.
13
Let y(r) = 21*r + 7. Let j(d) = d**3 + 4*d**2 + 5. Let l be j(-4). Let c be y(l). What is the highest common divisor of 16 and c?
16
Let n be -11 + 1 + 0/1. Let f be n/7*(-4 - 10). What is the greatest common factor of f and 8?
4
Let q(s) be the second derivative of -s**4/12 + 14*s**2 + s. Let b be q(0). Calculate the highest common factor of b and 7.
7
Suppose -2*w + 9 = w. Suppose 0 = -2*v + 3*d + 45, -4*d = 3 + 1. What is the greatest common factor of w and v?
3
Let z be 19 + -7 - (-1 + 1). Calculate the highest common divisor of 132 and z.
12
Let x(n) be the second derivative of -16*n**3/3 + n**2/2 - 3*n. Let j be x(-2). Calculate the highest common factor of j and 26.
13
Let s be ((-3)/6)/(2/(-132)). Let j(b) = -21*b**3 + b**2 - b - 1. Suppose 0 = 4*v + 3 + 1. Let c be j(v). Calculate the greatest common factor of s and c.
11
Let p(f) = 2*f + 14. Let n(i) = -3*i. Let c be n(2). Let k be p(c). Calculate the highest common factor of 18 and k.
2
Let g = 36 - 30. What is the highest common factor of 24 and g?
6
Let f = 12 - -30. Let m = -10 - -20. Suppose -f - m = -g. What is the greatest common divisor of 13 and g?
13
Let q = -236 + 404. Let k(c) = c**3 + c - 46. Let y be k(0). Let w = -25 - y. Calculate the greatest common factor of w and q.
21
Let v(m) = -38*m - 8. Let o be v(-6). Let f = -30 - -50. What is the highest common divisor of o and f?
20
Let b(c) be the third derivative of 1/3*c**3 - 1/60*c**5 + 0*c - 1/3*c**4 - 3*c**2 + 0. Let x be b(-7). What is the greatest common divisor of 45 and x?
9
Let q be 6/(-33) - (-2)/11. Suppose 3*w - 8*w + 225 = q. What is the greatest common factor of w and 5?
5
Let w(j) = -j**3 + 3*j**2 + 10*j + 3. Let r be w(5). Let z(i) = 12*i**3 - i**2 + i. Let u be z(1). What is the greatest common factor of u and r?
3
Let t be ((-1)/((-1)/(-10)))/(-1). Suppose -3*z - 2*z = s - 90, -5*s = 5*z - 370. What is the highest common factor of s and t?
10
Let o(z) = 3*z - 6. Let c be o(5). Suppose -3*l - 4*k = -c, l - 4*l + 9 = k. Calculate the highest common divisor of l and 24.
3
Let h = 44 + -36. Let t = -55 + 79. Calculate the highest common divisor of t and h.
8
Let i = 45 + -23. Let y = -11 + i. What is the highest common factor of 121 and y?
11
Let v(d) = d + 4. Let p be v(3). Suppose h - p - 3 = 0. Calculate the highest common divisor of 20 and h.
10
Let j = 328 + -163. Suppose j = -w + 2*w. Calculate the highest common factor of w and 15.
15
Let t be ((0 - -3) + -5)*-13. Suppose 4*x = v + 7*x - 27, -v = 4*x - t. Calculate the greatest common factor of v and 6.
6
Let a(f) = 4*f**2 + 2*f - 2. Let l be a(-2). Let z be (-2)/(-8) - (-76)/16. Suppose z*q = 252 - 2. What is the greatest common factor of l and q?
10
Let n(u) = u**3 + 6*u**2 + 3*u + 7. Let x be n(-5). Calculate the highest common divisor of 51 and x.
17
Let s(z) = z**2 + 7*z + 16. Let k be s(-3). Calculate the greatest common factor of 8 and k.
4
Let w = -3 - 3. Let c = w + 12. Let g be 0*2/c + 5. Calculate the greatest common divisor of 30 and g.
5
Suppose -j - 6*j + 63 = 0. Calculate the greatest common divisor of 3 and j.
3
Let l(k) = -k - 3. Let h be l(-4). Let z be (h + 1)*-1 + 35. Let j be 10/4*(-18)/(-15). What is the greatest common divisor of z and j?
3
Suppose 3*x - 259 = -5*t, 0*t - 197 = -4*t + x. Calculate the greatest common divisor of 2 and t.
2
Let b be 18 - (2 - 1 - 3). Let j(a) = -a**3 - 5*a**2 - 6*a - 3. Let s be j(-4). Calculate the greatest common factor of s and b.
5
Let i(q) = q**3 + 24*q**2 - 28*q - 3. Let n be i(-25). What is the highest common factor of 3 and n?
3
Let x = 653 + -433. Let g(h) = -h**3 + 5*h**2 + 7*h. Let l be g(6). Suppose l*u - 2*u + 2*m - 70 = 0, 20 = -4*m. What is the greatest common divisor of u and x?
20
Let p(a) = a**3 + 5*a**2 - 7*a. Suppose 4 = -3*i + 5*g + 16, -4 = -i + 4*g. Let l be p(i). What is the greatest common divisor of l and 29?
29
Let b(t) = t**3 - 5*t**2 - 5*t - 2. Let y be b(6). Suppose -5*a - 180 + 60 = -5*p, 0 = y*p - a - 93. What is the highest common divisor of p and 23?
23
Let b(t) = 5*t + 1. Let h(i) = -9*i - 2. Let x(o) = -7*b(o) - 3*h(o). Let v be x(-1). Let l = -85 + 120. Calculate the gre